factor of 48050?
True
Is 180580 a multiple of 10?
True
Is 227 a factor of 14782467?
True
Is 141 a factor of 3488480?
False
Does 274 divide 1437130?
True
Does 257 divide 1142987?
False
Is 2794878 a multiple of 18?
True
Is 297 a factor of 6486480?
True
Does 56 divide 547792?
True
Is 369189 a multiple of 782?
False
Does 101 divide 1936170?
True
Does 88 divide 8519456?
True
Does 825 divide 8072625?
True
Is 62 a factor of 25093?
False
Does 69 divide 69339?
False
Does 138 divide 1807662?
True
Is 683 a factor of 3992476?
False
Is 135 a factor of 155048?
False
Does 211 divide 1392811?
True
Is 118254 a multiple of 6?
True
Does 427 divide 4851574?
True
Is 6691688 a multiple of 1009?
True
Does 90 divide 8864910?
True
Is 3578270 a multiple of 19?
True
Is 159 a factor of 10674367?
False
Is 957936 a multiple of 21?
True
Is 15500 a multiple of 20?
True
Is 429 a factor of 600600?
True
Does 8 divide 686864?
True
Is 17 a factor of 116070?
False
Does 372 divide 181536?
True
Does 53 divide 1237917?
False
Is 11 a factor of 225520?
False
Does 30 divide 383970?
True
Does 21 divide 7264816?
False
Does 184 divide 72885?
False
Does 16 divide 507197?
False
Is 3776640 a multiple of 3?
True
Is 41 a factor of 304073?
False
Is 209 a factor of 305558?
True
Does 533 divide 605801?
False
Is 21 a factor of 7970589?
False
Does 6 divide 424037?
False
Is 9844439 a multiple of 16?
False
Is 145165 a multiple of 5?
True
Does 43 divide 234270?
False
Is 154036 a multiple of 19?
False
Is 12 a factor of 415347?
False
Is 237776 a multiple of 154?
True
Does 135 divide 12247470?
True
Is 321678 a multiple of 23?
True
Is 36442331 a multiple of 22?
False
Is 43 a factor of 3618496?
False
Does 10 divide 48964?
False
Does 55 divide 232430?
True
Is 14 a factor of 11105598?
True
Does 49 divide 792155?
False
Does 318 divide 179562?
False
Does 10 divide 6040314?
False
Is 93 a factor of 1525665?
True
Does 9 divide 6884731?
False
Is 614 a factor of 10703862?
True
Is 3564400 a multiple of 56?
True
Is 3544272 a multiple of 978?
True
Is 256529 a multiple of 13?
True
Does 543 divide 1551351?
True
Is 324090 a multiple of 416?
False
Is 24 a factor of 1979304?
True
Is 11 a factor of 229983?
False
Is 15 a factor of 647145?
True
Is 155659 even?
False
Is 51 a factor of 239581?
False
Does 1168 divide 23626304?
True
Is 67370 a multiple of 82?
False
Is 16 a factor of 19367?
False
Is 15 a factor of 33334?
False
Is 88 a factor of 5521427?
False
Is 149 a factor of 239890?
True
Is 179916 a multiple of 29?
True
Does 420 divide 390180?
True
Is 2251970 a multiple of 14?
True
Does 129 divide 219816?
True
Is 56 a factor of 1191306?
False
Is 3316625 a multiple of 122?
False
Does 89 divide 15311471?
True
Does 52 divide 69421?
False
Is 249325 a multiple of 29?
False
Is 373501 a multiple of 8?
False
Is 3752220 a multiple of 138?
True
Is 5216076 a multiple of 612?
True
Does 69 divide 18079863?
True
Is 11466888 a multiple of 730?
False
Does 109 divide 2428520?
True
Does 553 divide 957789?
False
Does 13 divide 3302?
True
Is 285 a factor of 8765007?
False
Does 37 divide 211424?
False
Is 902791 a multiple of 149?
True
Is 8 a factor of 929185?
False
Does 160 divide 4883472?
False
Is 52 a factor of 4985968?
True
Is 7687 a multiple of 36?
False
Is 310439 a multiple of 360?
False
Does 18 divide 7170696?
True
Is 1031215 a multiple of 155?
True
Does 73 divide 214547?
True
Is 273277 a multiple of 19?
True
Does 147 divide 124950?
True
Is 2 a factor of 288848?
True
Is 5126314 a multiple of 38?
True
Does 1142 divide 7338640?
False
Is 236147 a multiple of 493?
True
Is 835885 a multiple of 23?
False
Is 146 a factor of 250682?
True
Is 66716 a multiple of 212?
False
Is 20 a factor of 17193680?
True
Is 5034525 a multiple of 292?
False
Is 7360268 a multiple of 62?
True
Does 344 divide 4388504?
False
Does 255 divide 1163960?
False
Is 4 a factor of 1107236?
True
Is 84060 a multiple of 11?
False
Is 235315 a multiple of 95?
True
Does 36 divide 528213?
False
Is 594992 a multiple of 82?
True
Does 436 divide 636448?
False
Is 144 a factor of 209952?
True
Is 95211 a multiple of 7?
False
Is 187 a factor of 2748713?
True
Is 1516995 a multiple of 153?
True
Is 45 a factor of 91575?
True
Is 971956 a multiple of 8?
False
Is 108 a factor of 200798?
False
Is 8 a factor of 29025?
False
Is 2 a factor of 325777?
False
Is 20 a factor of 51140?
True
Is 8 a factor of 510776?
True
Does 190 divide 744036?
False
Does 2 divide 607831?
False
Is 10 a factor of 1868990?
True
Is 2268379 a multiple of 43?
True
Does 15 divide 20799?
False
Is 496108 a multiple of 292?
True
Does 22 divide 134118?
False
Is 660 a factor of 1640100?
True
Is 85 a factor of 47793?
False
Is 149 a factor of 1070219?
False
Is 3323418 a multiple of 14?
True
Is 2077119 a multiple of 132?
False
Is 13 a factor of 13861588?
True
Is 57168 a multiple of 3?
True
Does 1355 divide 337395?
True
Is 52908 a multiple of 12?
True
Is 22710996 a multiple of 54?
True
Does 4 divide 2296373?
False
Is 873886 a multiple of 26?
True
Is 306 a factor of 1863748?
False
Is 176476 a multiple of 4?
True
Does 1104 divide 28277856?
True
Is 5142940 a multiple of 1205?
True
Is 574678 a multiple of 46?
True
Does 25 divide 3757348?
False
Is 536160 a multiple of 120?
True
Is 43489 a multiple of 76?
False
Does 19 divide 102353?
True
Is 133 a factor of 80332?
True
Does 47 divide 30076?
False
Is 4859947 a multiple of 1145?
False
Is 19 a factor of 632966?
True
Is 1267770 a multiple of 81?
False
Is 6286368 a multiple of 22?
True
Is 1242360 a multiple of 153?
True
Does 271 divide 51632?
False
Is 1268685 a multiple of 798?
False
Does 761 divide 1732387?
False
Is 9 a factor of 56979?
True
Is 25 a factor of 66150?
True
Is 890596 a multiple of 68?
True
Does 1021 divide 950551?
True
Is 18 a factor of 20797?
False
Is 60 a factor of 300222?
False
Is 4274072 a multiple of 187?
True
Is 539566 a multiple of 105?
False
Does 88 divide 5295400?
True
Does 258 divide 21317478?
False
Is 1431 a factor of 15473670?
False
Is 3 a factor of 42924?
True
Does 350 divide 2339205?
False
Is 176279 a multiple of 220?
False
Is 8 a factor of 1434496?
True
Is 601392 a multiple of 804?
True
Is 1039 a factor of 2386648?
False
Does 18 divide 341748?
True
Does 1265 divide 1267530?
True
Is 2265542 a multiple of 31?
True
Does 189 divide 33264?
True
Is 407 a factor of 7165642?
True
Does 2 divide 2167495?
False
Does 32 divide 2127056?
False
Is 19863123 a multiple of 27?
False
Is 43485 a multiple of 145?
False
Does 20 divide 407664?
False
Is 27 a factor of 1421982?
True
Is 3 a factor of 72843?
True
Is 1357 a factor of 30457172?
False
Is 25 a factor of 247575?
True
Is 33 a factor of 772365?
True
Is 190 a factor of 16245380?
True
Is 1691229 a multiple of 12?
False
Is 135 a factor of 464805?
True
Is 17371369 a multiple of 47?
False
Does 406 divide 222082?
True
Does 30 divide 757470?
True
Is 8908 a multiple of 262?
True
Is 639 a factor of 644751?
True
Is 401620 a multiple of 20?
True
Is 10 a factor of 1624210?
True
Does 196 divide 1901913?
False
Does 14 divide 17134726?
True
Does 74 divide 3055957?
False
Is 261 a factor of 2568240?
True
Is 22 a factor of 622882?
False
Does 13 divide 7918404?
True
Is 3 a factor of 74612?
False
Does 12 divide 1153572?
True
Is 491800 a multiple of 50?
True
Is 9 a factor of 471222?
True
Is 4 a factor of 769936?
True
Does 3 divide 4844?
False
Is 182 a factor of 46046?
True
Is 115 a multiple of 86?
False
Does 215 divide 326528?
False
Does 7 divide 909404?
False
Is 119 a factor of 164618?
False
Is 77 a factor of 1181697?
False
Is 18018470 a multiple of 170?
True
Is 1698 a factor of 1464738?
False
Is 841125 a multiple of 125?
True
Is 590070 a multiple of 130?
True
Is 180 a factor of 28080?
True
Does 70 divide 133617?
False
Does 312 divide 3196128?
True
Is 2085738 a multiple of 87?
True
Is 114946 a multiple of 456?
False
Is 26 a factor of 741416?
True
Does 97 divide 363693?
False
Does 154 divide 8306972?
False
Does 38 divide 5100360?
True
Is 239760 a multiple of 999?
True
Is 167 a factor of 3674?
True
Is 35 a factor of 5316661?
False
Is 7901941 a multiple of 190?
False
Is 62 a factor of 482422?
True
Does 10 divide 32660?
True
Is 131 a factor of 40348?
True
Is 871464 a multiple of 11?
True
Is 4 a factor of 168348?
True
Is 213 a factor of 1796495?
False
Is 388962